 - 3*o - 2. Let y be j(3). Let c = 66 - 14. Let q be (c - (-1 + 7)) + 8/2. What is the greatest common divisor of y and q?
25
Let c(i) = 16*i**3 - i**2 + 4*i - 7. Let a be c(3). Let t = -311 + a. What is the highest common factor of t and 18?
9
Suppose -32*p + 77*p = 36630. What is the highest common factor of p and 110?
22
Suppose 0 = 2*j - 6*j. Let s be (-26 + j)/(2 - 4). Suppose 277*c + 3536 = 293*c. What is the greatest common divisor of s and c?
13
Let t(j) = -4*j + 13. Let n be t(2). Let z be ((-20)/4 - -225)*(-2)/n. Let f = 183 + z. Calculate the highest common divisor of 19 and f.
19
Suppose 35*n - 2078 = -293. Suppose 0 = -46*r + n*r - 660. What is the highest common divisor of r and 165?
33
Suppose -6 = d - m, 2*m - 30 = 11*d - 6*d. Let q(b) = -123*b + 180. Let v be q(d). What is the greatest common factor of 51 and v?
51
Let s be (-1)/1 - 1/(3/18). Let r = -112 - s. Let a be (0 - (r - -1)) + -5. What is the greatest common factor of 66 and a?
33
Suppose 57*n - 618 = 1206. What is the greatest common divisor of n and 288?
32
Suppose -34*p - 56*p + 351936 = 14*p. What is the greatest common divisor of p and 8?
8
Suppose -b - 119 = -m, b + m + 44 = -73. Let z = b - -108. Let n be (-255)/z - 3/6. What is the highest common divisor of 10 and n?
5
Suppose 0 = -2*s - s + 630. Suppose 25*j = -158*j - 150*j + 41958. Calculate the highest common factor of j and s.
42
Suppose -2*l + 10484 = 4*a, -3*l + 5440 = -5*a + 18567. Calculate the highest common divisor of 244 and a.
61
Let q be (6 - 12/3)/(-1 - (-3462)/3450). Calculate the greatest common factor of 69 and q.
23
Suppose 20*p = -2*p + 1792 + 9450. Calculate the greatest common divisor of p and 2701.
73
Suppose -5*j = -55 - 30. Let d(z) = -6*z + 29. Suppose 21*l + 22 = 32*l. Let n be d(l). What is the highest common factor of j and n?
17
Suppose 4*o - 40 = -3*g, -16*o + 17*o - g = 10. Let t be (-184)/(-5) + 8 - (-2)/o. Calculate the highest common factor of 288 and t.
9
Let h = 26047 + -26026. Let g be ((-18)/8)/((-3)/12). What is the greatest common factor of h and g?
3
Let h(o) = -o**3 - 32*o**2 - 34*o - 92. Let s be h(-31). Let n(p) = 303*p - 23. Let w be n(s). What is the greatest common divisor of 50 and w?
10
Suppose 7*x - 48 = 3*x. Suppose 0 = -4*i - x*i + 832. What is the greatest common divisor of 4 and i?
4
Let d(q) = 3*q**2 + 4*q - 7. Let c be d(-6). Let w(p) = -109*p + 1256. Let g be w(12). Let l = g + c. What is the highest common divisor of l and 200?
25
Let p be 3/(-2)*(-7 - (-9 + 10)). Calculate the greatest common factor of p and 5892.
12
Suppose 8*g + 104 = -3*m + 10*g, 0 = -3*g + 12. Let q be ((-2)/4)/(2/m). Calculate the highest common divisor of 8 and q.
8
Let l be -2 + (71 - 0) + 1. Let a = 226 - 110. Let r = a - 88. What is the highest common factor of r and l?
14
Suppose 5*t - 3*t = 64. Suppose 4*i - 9*i + 2080 = 0. What is the highest common divisor of i and t?
32
Let d = -466 - -240. Let j = -222 - d. What is the greatest common divisor of j and 18?
2
Let x(w) = -54*w + 100. Let c(r) = 2*r - 4. Let a(y) = -16*c(y) - x(y). Let k be a(3). Suppose 60 = 2*j + 2*j. What is the greatest common factor of j and k?
15
Let p be (-868)/(-8) + 3/(-6). Let f be (2/2)/((-3)/3672). Let q be f/34*(-1)/3. What is the highest common factor of q and p?
12
Suppose -86*l - 175*l = -53*l - 550784. What is the greatest common divisor of 8 and l?
8
Suppose 0 = -v + 4 + 2. Let c = -32 - -35. Let h be -1 - (3 - (14 - 1)) - c. Calculate the greatest common divisor of v and h.
6
Suppose -3*c - 15 = -5*r, r + 4*c = 7*c + 15. Suppose r = 4*o - 15*o + 594. Calculate the greatest common divisor of 117 and o.
9
Let p(u) = 31*u**2 - 13*u + 7. Let d be p(5). What is the highest common divisor of d and 3?
3
Suppose -2*d + 10 = 0, 5*d + 139 + 11500 = 2*c. What is the highest common divisor of 288 and c?
72
Let p(g) = -29*g + 4. Let m be p(-4). Let i be ((-4)/(-5))/((-2)/(-450)). What is the highest common divisor of m and i?
60
Suppose 48*u = -2*j + 52*u + 32, 3*u + 15 = j. Let t(d) = -156*d - 6. Let i be t(-5). Calculate the greatest common divisor of i and j.
18
Suppose 7*z = 2*z + 25, 4*z - 25 = -h. Suppose 10 + 10 = h*f. Let s be (-1 + 15)/((-6)/(-24)*2). What is the highest common divisor of s and f?
4
Let i be 2 + (-473)/(-2) + (-518)/(-1036). Calculate the greatest common divisor of i and 3.
1
Let v be ((-49)/294*452/(-2))/(3/99). Calculate the highest common factor of 452 and v.
113
Let u(d) = d**3 + 29*d**2 + 15*d - 290. Let t be u(-28). Calculate the highest common divisor of t and 24494.
74
Let i(q) = 2*q**2 - 11*q - 12. Let z be i(9). Let k = 120 - z. Suppose -y = -3*y + 92. Calculate the greatest common factor of y and k.
23
Let c(p) = -14*p + 7. Let j be c(-2). Let a be 36/(-21)*(27/(-6) - -1). Let n be (-24 - -3)/(a/(-4)). Calculate the greatest common divisor of j and n.
7
Suppose -81*h = -4694 - 101109 - 28090. What is the highest common divisor of h and 261?
87
Suppose -k + 2 = -l, 2*l = -208 + 218. Suppose -776 = -5*c + 29. What is the highest common factor of k and c?
7
Suppose -2*h - 10 = 5*l + 81, 0 = 5*h - 10. Let v be -23*6*((-75)/(-18) + -4). Let z = l - v. What is the greatest common factor of z and 2?
2
Let f(a) = 3*a**2 + 56*a + 1021. Let u be f(-26). Calculate the greatest common divisor of 9 and u.
9
Suppose w + 332 = 2*m + 97, -4*m + 458 = 2*w. Let k be 4/(16/m) + 2/(-2). What is the highest common divisor of 56 and k?
28
Let f(h) = -3*h**3 - 10*h**2 - 3*h. Let i = 46 + -52. Let d be f(i). Suppose -10*a = 7*a - d. Calculate the greatest common factor of 198 and a.
18
Let n(y) = 3*y**3 - 3*y**2 + 72*y + 4. Let s be n(12). What is the greatest common divisor of s and 20?
20
Suppose 2079 = 128*b - 51*b. Calculate the greatest common factor of 621 and b.
27
Let n = 960 + -96. Calculate the highest common factor of 10152 and n.
216
Suppose -v - 3*n + 44 = 0, -4*v = v + n - 234. Let x be ((-24)/(-3) - 6)*v/2. Calculate the greatest common divisor of x and 141.
47
Suppose -34*s + 36*s - 3*u = -21, 57 = -3*s - 4*u. Let a be ((-23)/(-7) + 1)/(s/(-70)). What is the greatest common factor of 28 and a?
4
Suppose -3*u + i - 936 = -4*u, 5*u = 5*i + 4680. Let y be 11/(33/u) + 3. Calculate the highest common divisor of 42 and y.
21
Let u be 0 + (-2)/(-12) + 65604/(-504). Let s = -83 - u. Suppose 4*v = 2*x + 1314, 4*v + 4*x - 434 = 886. What is the greatest common divisor of s and v?
47
Let b be ((-66)/4)/((-6)/8). Suppose -2*h + 2*n = 42, -h + 0*n - 45 = 5*n. Let d = 27 + h. What is the greatest common divisor of d and b?
2
Let t = 161 + -161. Suppose -4*x + 4*z + 44 = t, 2*x - z - 22 = -4. Suppose 3*o + 2*o = 385. Calculate the greatest common divisor of o and x.
7
Let q = -18184 - -38113. Calculate the greatest common factor of 21 and q.
21
Suppose -294 = 8*x - 806. Let r = x - 52. Let b = 14 - -22. Calculate the greatest common factor of b and r.
12
Let j be -40 + (2*(-9)/(-144) - 94/(-16)). Suppose 0 = 2*x + n - 262, 4*n + 404 = 2*x + x. Let m = x + j. Calculate the highest common divisor of 14 and m.
14
Suppose 4*x - 7 = -j + 6*j, -x - 17 = 5*j. Let m(t) = -29*t + 12. Let r be m(j). Let i be 1*-11*(-2)/2. What is the highest common factor of r and i?
11
Let s(a) = 2*a**3 - 21*a**2 + 6*a + 45. Let g be s(10). Let t be (100/(-80))/((-2)/104). Calculate the greatest common factor of g and t.
5
Suppose 2*f = i + 1 + 93, 0 = -f - 5*i + 36. Suppose -2*a = b - 2, b - 6*b = a - f. Calculate the greatest common divisor of b and 65.
5
Let c(k) = -2*k**3 - 11*k**2 + 25*k - 410. Let v be c(-12). Let b = 33 - 19. What is the highest common factor of b and v?
14
Suppose 2*l + 3*h - 2*h = 359, -175 = -l + h. Let v = -113 + l. Suppose 18*b - 23*b = -v. What is the highest common divisor of b and 143?
13
Let v(f) = 4*f - 7. Let y be v(5). Let m be (-3)/(-3) + -4 - (-24)/4. Let g be -1 + 2/m + 5008/48. Calculate the highest common divisor of y and g.
13
Let z = -20330 + 20788. Calculate the greatest common divisor of z and 10.
2
Suppose b = -p - 4*p + 200, -2*p + 4*b = -58. What is the greatest common factor of 1131 and p?
39
Let w = -7 - -14. Suppose o - 88 + 70 = 0. Suppose 6*x = o*x - 12. What is the greatest common divisor of w and x?
1
Let l(c) = 46*c**2 - 2*c - 65. Let i be l(-5). Calcul